{"id":344,"date":"2024-10-29T07:22:09","date_gmt":"2024-10-29T07:22:09","guid":{"rendered":"https:\/\/lopiaseczno.waw.pl\/?page_id=344"},"modified":"2025-09-07T18:22:58","modified_gmt":"2025-09-07T16:22:58","slug":"dyrekcja-i-nauczyciele","status":"publish","type":"page","link":"https:\/\/lopiaseczno.waw.pl\/index.php\/dyrekcja-i-nauczyciele\/","title":{"rendered":"Dyrekcja i nauczyciele"},"content":{"rendered":"\t\t<div data-elementor-type=\"wp-page\" data-elementor-id=\"344\" class=\"elementor elementor-344\" data-elementor-post-type=\"page\">\n\t\t\t\t<div class=\"elementor-element elementor-element-501df70 e-flex e-con-boxed e-con e-parent\" data-id=\"501df70\" data-element_type=\"container\" data-settings=\"{&quot;background_background&quot;:&quot;classic&quot;}\">\n\t\t\t\t\t<div class=\"e-con-inner\">\n\t\t\t\t<div class=\"elementor-element elementor-element-e4ec392 elementor-widget elementor-widget-heading\" data-id=\"e4ec392\" data-element_type=\"widget\" data-widget_type=\"heading.default\">\n\t\t\t\t<div class=\"elementor-widget-container\">\n\t\t\t\t\t<h2 class=\"elementor-heading-title elementor-size-default\">Dyrekcja i nauczyciele<\/h2>\t\t\t\t<\/div>\n\t\t\t\t<\/div>\n\t\t\t\t\t<\/div>\n\t\t\t\t<\/div>\n\t\t<div class=\"elementor-element elementor-element-5164822 e-flex e-con-boxed e-con e-parent\" data-id=\"5164822\" data-element_type=\"container\" data-settings=\"{&quot;background_background&quot;:&quot;classic&quot;}\">\n\t\t\t\t\t<div class=\"e-con-inner\">\n\t\t<div class=\"elementor-element elementor-element-6eb4aa8 e-con-full e-flex e-con e-child\" data-id=\"6eb4aa8\" data-element_type=\"container\">\n\t\t\t\t<div class=\"elementor-element elementor-element-5e4082b elementor-widget elementor-widget-text-editor\" data-id=\"5e4082b\" data-element_type=\"widget\" data-widget_type=\"text-editor.default\">\n\t\t\t\t<div class=\"elementor-widget-container\">\n\t\t\t\t\t\t\t\t\t<p><strong>Dyrekcja IV Liceum Og\u00f3lnokszta\u0142c\u0105cego w Piasecznie<\/strong><\/p>\t\t\t\t\t\t\t\t<\/div>\n\t\t\t\t<\/div>\n\t\t<div class=\"elementor-element elementor-element-32e6794 e-con-full e-flex e-con e-child\" data-id=\"32e6794\" data-element_type=\"container\">\n\t\t<div class=\"elementor-element elementor-element-dfc4388 e-con-full e-flex e-con e-child\" data-id=\"dfc4388\" data-element_type=\"container\">\n\t\t\t\t<div class=\"elementor-element elementor-element-61ffe1c elementor-widget elementor-widget-image\" data-id=\"61ffe1c\" data-element_type=\"widget\" data-widget_type=\"image.default\">\n\t\t\t\t<div class=\"elementor-widget-container\">\n\t\t\t\t\t\t\t\t\t\t\t\t\t\t\t<img fetchpriority=\"high\" decoding=\"async\" width=\"297\" height=\"300\" src=\"https:\/\/lopiaseczno.waw.pl\/wp-content\/uploads\/2024\/10\/dyrektor-297x300-1.jpg\" class=\"attachment-large size-large wp-image-351\" alt=\"\" \/>\t\t\t\t\t\t\t\t\t\t\t\t\t\t\t<\/div>\n\t\t\t\t<\/div>\n\t\t\t\t<div class=\"elementor-element elementor-element-fa866bc elementor-widget elementor-widget-text-editor\" data-id=\"fa866bc\" data-element_type=\"widget\" data-widget_type=\"text-editor.default\">\n\t\t\t\t<div class=\"elementor-widget-container\">\n\t\t\t\t\t\t\t\t\t<p>dyrektor Barbara Chwedczuk<\/p>\t\t\t\t\t\t\t\t<\/div>\n\t\t\t\t<\/div>\n\t\t\t\t<\/div>\n\t\t<div class=\"elementor-element elementor-element-402a1f5 e-con-full e-flex e-con e-child\" data-id=\"402a1f5\" data-element_type=\"container\">\n\t\t\t\t<div class=\"elementor-element elementor-element-ae215ef elementor-widget elementor-widget-image\" data-id=\"ae215ef\" data-element_type=\"widget\" data-widget_type=\"image.default\">\n\t\t\t\t<div class=\"elementor-widget-container\">\n\t\t\t\t\t\t\t\t\t\t\t\t\t\t\t<img decoding=\"async\" width=\"240\" height=\"300\" src=\"https:\/\/lopiaseczno.waw.pl\/wp-content\/uploads\/2024\/10\/wicedyrektor-240x300-1.jpg\" class=\"attachment-large size-large wp-image-352\" alt=\"\" \/>\t\t\t\t\t\t\t\t\t\t\t\t\t\t\t<\/div>\n\t\t\t\t<\/div>\n\t\t\t\t<div class=\"elementor-element elementor-element-6e62dec elementor-widget elementor-widget-text-editor\" data-id=\"6e62dec\" data-element_type=\"widget\" data-widget_type=\"text-editor.default\">\n\t\t\t\t<div class=\"elementor-widget-container\">\n\t\t\t\t\t\t\t\t\t<p>v-ce dyrektor Alicja Zaborska<\/p>\t\t\t\t\t\t\t\t<\/div>\n\t\t\t\t<\/div>\n\t\t\t\t<\/div>\n\t\t\t\t<\/div>\n\t\t<div class=\"elementor-element elementor-element-b72bb8a e-con-full e-flex e-con e-child\" data-id=\"b72bb8a\" data-element_type=\"container\">\n\t\t<div class=\"elementor-element elementor-element-bfd5090 e-con-full e-flex e-con e-child\" data-id=\"bfd5090\" data-element_type=\"container\">\n\t\t\t\t<div class=\"elementor-element elementor-element-1ae66a1 elementor-widget elementor-widget-text-editor\" data-id=\"1ae66a1\" data-element_type=\"widget\" data-widget_type=\"text-editor.default\">\n\t\t\t\t<div class=\"elementor-widget-container\">\n\t\t\t\t\t\t\t\t\t<p><strong>Pedagog szkolny<\/strong><\/p><p>mgr Ewa Macios<\/p>\t\t\t\t\t\t\t\t<\/div>\n\t\t\t\t<\/div>\n\t\t\t\t<\/div>\n\t\t<div class=\"elementor-element elementor-element-ff32369 e-con-full e-flex e-con e-child\" data-id=\"ff32369\" data-element_type=\"container\">\n\t\t\t\t<div class=\"elementor-element elementor-element-d2a7413 elementor-widget elementor-widget-text-editor\" data-id=\"d2a7413\" data-element_type=\"widget\" data-widget_type=\"text-editor.default\">\n\t\t\t\t<div class=\"elementor-widget-container\">\n\t\t\t\t\t\t\t\t\t<p><strong>Psycholog szkolny<\/strong><\/p><p>mgr Joanna Bugaj<\/p>\t\t\t\t\t\t\t\t<\/div>\n\t\t\t\t<\/div>\n\t\t\t\t<\/div>\n\t\t\t\t<\/div>\n\t\t<div class=\"elementor-element elementor-element-221a7b0 e-con-full e-flex e-con e-child\" data-id=\"221a7b0\" data-element_type=\"container\">\n\t\t<div class=\"elementor-element elementor-element-ca5c480 e-con-full e-flex e-con e-child\" data-id=\"ca5c480\" data-element_type=\"container\">\n\t\t\t\t<div class=\"elementor-element elementor-element-ac8cf61 elementor-widget elementor-widget-text-editor\" data-id=\"ac8cf61\" data-element_type=\"widget\" data-widget_type=\"text-editor.default\">\n\t\t\t\t<div class=\"elementor-widget-container\">\n\t\t\t\t\t\t\t\t\t<p><strong>Pedagodzy specjalni<\/strong><\/p><p>mgr Anna Kopczy\u0144ska<br \/>mgr Monika Kobia\u0142ka<\/p>\t\t\t\t\t\t\t\t<\/div>\n\t\t\t\t<\/div>\n\t\t\t\t<\/div>\n\t\t<div class=\"elementor-element elementor-element-0744151 e-con-full e-flex e-con e-child\" data-id=\"0744151\" data-element_type=\"container\">\n\t\t\t\t<div class=\"elementor-element elementor-element-353aa96 elementor-widget elementor-widget-text-editor\" data-id=\"353aa96\" data-element_type=\"widget\" data-widget_type=\"text-editor.default\">\n\t\t\t\t<div class=\"elementor-widget-container\">\n\t\t\t\t\t\t\t\t\t<div class=\"wpb_text_column wpb_content_element \"><div class=\"wpb_wrapper\"><p><strong>Biblioteka szkolna<\/strong><\/p><p>mgr Jolanta Sikora<br \/>mgr Izabela Turlejska<\/p><\/div><\/div>\t\t\t\t\t\t\t\t<\/div>\n\t\t\t\t<\/div>\n\t\t\t\t<\/div>\n\t\t\t\t<\/div>\n\t\t<div class=\"elementor-element elementor-element-b38122f e-con-full e-flex e-con e-child\" data-id=\"b38122f\" data-element_type=\"container\">\n\t\t<div class=\"elementor-element elementor-element-3f98af2 e-con-full e-flex e-con e-child\" data-id=\"3f98af2\" data-element_type=\"container\">\n\t\t\t\t<div class=\"elementor-element elementor-element-eb9ef6c elementor-widget elementor-widget-text-editor\" data-id=\"eb9ef6c\" data-element_type=\"widget\" data-widget_type=\"text-editor.default\">\n\t\t\t\t<div class=\"elementor-widget-container\">\n\t\t\t\t\t\t\t\t\t<div class=\"wpb_text_column wpb_content_element \"><div class=\"wpb_wrapper\"><p><strong>J\u0119zyk polski<\/strong><\/p><p>dyrektor Barbara Chwedczuk<br \/>mgr Ewa W\u0105do\u0142owska<br \/>mgr Lidia Duch<br \/>mgr Katarzyna Staniek<br \/>mgr Bo\u017cena Szczypi\u0144ska<br \/>mgr Gra\u017cyna Bogucka<br \/>mgr Monika Penkul-Petryka<\/p><\/div><\/div><div class=\"vc_separator wpb_content_element vc_sep_width_100 type_1  vc_separator_no_text\">\u00a0<\/div>\t\t\t\t\t\t\t\t<\/div>\n\t\t\t\t<\/div>\n\t\t\t\t<\/div>\n\t\t<div class=\"elementor-element elementor-element-67347f6 e-con-full e-flex e-con e-child\" data-id=\"67347f6\" data-element_type=\"container\">\n\t\t\t\t<div class=\"elementor-element elementor-element-e646c8d elementor-widget elementor-widget-text-editor\" data-id=\"e646c8d\" data-element_type=\"widget\" data-widget_type=\"text-editor.default\">\n\t\t\t\t<div class=\"elementor-widget-container\">\n\t\t\t\t\t\t\t\t\t<p><strong>Matematyka<\/strong><\/p><p align=\"center\">v-ce dyrektor Alicja Zaborska<br \/>mgr in\u017c. Krzysztof Kanabus<br \/>mgr Piotr Pietrowiak<br \/>mgr Marlena Winiarska \u2013 Sty\u015b<br \/>mgr Anna Zi\u00f3\u0142kowska<br \/>mgr Ewa Rybarczyk<br \/>mgr Bogus\u0142aw Sawicki<\/p>\t\t\t\t\t\t\t\t<\/div>\n\t\t\t\t<\/div>\n\t\t\t\t<\/div>\n\t\t\t\t<\/div>\n\t\t<div class=\"elementor-element elementor-element-39aad1c e-con-full e-flex e-con e-child\" data-id=\"39aad1c\" data-element_type=\"container\">\n\t\t<div class=\"elementor-element elementor-element-b92abb7 e-con-full e-flex e-con e-child\" data-id=\"b92abb7\" data-element_type=\"container\">\n\t\t\t\t<div class=\"elementor-element elementor-element-646595c elementor-widget elementor-widget-text-editor\" data-id=\"646595c\" data-element_type=\"widget\" data-widget_type=\"text-editor.default\">\n\t\t\t\t<div class=\"elementor-widget-container\">\n\t\t\t\t\t\t\t\t\t<div class=\"wpb_text_column wpb_content_element \"><div class=\"wpb_wrapper\"><p><strong>Historia<\/strong><\/p><p>mgr Izabela K\u0142agisz<br \/>mgr Pawe\u0142 Mrozi\u0144ski<br \/>mgr Agnieszka Pa\u0144czak<br \/>mgr Dariusz Wasilewski<\/p><\/div><\/div>\t\t\t\t\t\t\t\t<\/div>\n\t\t\t\t<\/div>\n\t\t\t\t<\/div>\n\t\t<div class=\"elementor-element elementor-element-4b8acf2 e-con-full e-flex e-con e-child\" data-id=\"4b8acf2\" data-element_type=\"container\">\n\t\t\t\t<div class=\"elementor-element elementor-element-6668249 elementor-widget elementor-widget-text-editor\" data-id=\"6668249\" data-element_type=\"widget\" data-widget_type=\"text-editor.default\">\n\t\t\t\t<div class=\"elementor-widget-container\">\n\t\t\t\t\t\t\t\t\t<p><strong>Fizyka<\/strong><\/p><p>mgr in\u017c. Wojciech \u017burakowski<br \/>mgr El\u017cbieta Hardej<\/p>\t\t\t\t\t\t\t\t<\/div>\n\t\t\t\t<\/div>\n\t\t\t\t<\/div>\n\t\t\t\t<\/div>\n\t\t<div class=\"elementor-element elementor-element-e0d4e7b e-con-full e-flex e-con e-child\" data-id=\"e0d4e7b\" data-element_type=\"container\">\n\t\t<div class=\"elementor-element elementor-element-ca7aeae e-con-full e-flex e-con e-child\" data-id=\"ca7aeae\" data-element_type=\"container\">\n\t\t\t\t<div class=\"elementor-element elementor-element-aaff870 elementor-widget elementor-widget-text-editor\" data-id=\"aaff870\" data-element_type=\"widget\" data-widget_type=\"text-editor.default\">\n\t\t\t\t<div class=\"elementor-widget-container\">\n\t\t\t\t\t\t\t\t\t<div class=\"wpb_text_column wpb_content_element \"><div class=\"wpb_wrapper\"><p><strong>J\u0119zyk angielski<\/strong><\/p><p>mgr Joanna Janowicz \u2013 Czernik<br \/>mgr Katarzyna Staszewska \u2013 Gajda<br \/>mgr Aneta Grudziecka<br \/>mgr Agata Ko\u0142akowska<br \/>mgr Agnieszka Kozak<br \/>mgr Joanna Fr\u0105tczak<br \/>mgr Judyta Kr\u00f3l<br \/>mgr Anna Myjkowska<br \/>mgr Maria Szklarczyk<br \/>mgr Justyna Runowska<\/p><\/div><\/div>\t\t\t\t\t\t\t\t<\/div>\n\t\t\t\t<\/div>\n\t\t\t\t<\/div>\n\t\t<div class=\"elementor-element elementor-element-05e18ac e-con-full e-flex e-con e-child\" data-id=\"05e18ac\" data-element_type=\"container\">\n\t\t\t\t<div class=\"elementor-element elementor-element-9e75326 elementor-widget elementor-widget-text-editor\" data-id=\"9e75326\" data-element_type=\"widget\" data-widget_type=\"text-editor.default\">\n\t\t\t\t<div class=\"elementor-widget-container\">\n\t\t\t\t\t\t\t\t\t<p><strong>Chemia<\/strong><\/p><p>mgr Halina B\u0142\u0105d<br \/>mgr Maria Janiszewska-P\u0105kci\u0144ska<br \/>mgr Marta Walentynowicz<\/p>\t\t\t\t\t\t\t\t<\/div>\n\t\t\t\t<\/div>\n\t\t\t\t<div class=\"elementor-element elementor-element-b2246c7 elementor-widget elementor-widget-text-editor\" data-id=\"b2246c7\" data-element_type=\"widget\" data-widget_type=\"text-editor.default\">\n\t\t\t\t<div class=\"elementor-widget-container\">\n\t\t\t\t\t\t\t\t\t<p><strong>Geografia<\/strong><\/p><p>mgr Micha\u0142 Surlas<br \/>mgr Iwona Czarnecka<\/p>\t\t\t\t\t\t\t\t<\/div>\n\t\t\t\t<\/div>\n\t\t\t\t<\/div>\n\t\t\t\t<\/div>\n\t\t<div class=\"elementor-element elementor-element-9170b59 e-con-full e-flex e-con e-child\" data-id=\"9170b59\" data-element_type=\"container\">\n\t\t<div class=\"elementor-element elementor-element-d7bd715 e-con-full e-flex e-con e-child\" data-id=\"d7bd715\" data-element_type=\"container\">\n\t\t\t\t<div class=\"elementor-element elementor-element-d213232 elementor-widget elementor-widget-text-editor\" data-id=\"d213232\" data-element_type=\"widget\" data-widget_type=\"text-editor.default\">\n\t\t\t\t<div class=\"elementor-widget-container\">\n\t\t\t\t\t\t\t\t\t<div class=\"wpb_text_column wpb_content_element \"><div class=\"wpb_wrapper\"><p><strong>J\u0119zyk niemiecki<\/strong><\/p><p>mgr Monika Tadej<br \/>mgr Iwona Latkowska<\/p><\/div><\/div>\t\t\t\t\t\t\t\t<\/div>\n\t\t\t\t<\/div>\n\t\t\t\t<\/div>\n\t\t<div class=\"elementor-element elementor-element-b15ce96 e-con-full e-flex e-con e-child\" data-id=\"b15ce96\" data-element_type=\"container\">\n\t\t\t\t<div class=\"elementor-element elementor-element-cc58a95 elementor-widget elementor-widget-text-editor\" data-id=\"cc58a95\" data-element_type=\"widget\" data-widget_type=\"text-editor.default\">\n\t\t\t\t<div class=\"elementor-widget-container\">\n\t\t\t\t\t\t\t\t\t<p><strong>Obserwatorium astronomiczne<\/strong><\/p><p>\u2014\u2014\u2014\u2013<\/p>\t\t\t\t\t\t\t\t<\/div>\n\t\t\t\t<\/div>\n\t\t\t\t<\/div>\n\t\t\t\t<\/div>\n\t\t<div class=\"elementor-element elementor-element-23df42a e-con-full e-flex e-con e-child\" data-id=\"23df42a\" data-element_type=\"container\">\n\t\t<div class=\"elementor-element elementor-element-14b8230 e-con-full e-flex e-con e-child\" data-id=\"14b8230\" data-element_type=\"container\">\n\t\t\t\t<div class=\"elementor-element elementor-element-29df4a3 elementor-widget elementor-widget-text-editor\" data-id=\"29df4a3\" data-element_type=\"widget\" data-widget_type=\"text-editor.default\">\n\t\t\t\t<div class=\"elementor-widget-container\">\n\t\t\t\t\t\t\t\t\t<div class=\"wpb_text_column wpb_content_element \"><div class=\"wpb_wrapper\"><p><strong>J\u0119zyk francuski<\/strong><\/p><p>mgr Anna Kopczy\u0144ska<br \/>mgr Katarzyna Styka<\/p><\/div><\/div>\t\t\t\t\t\t\t\t<\/div>\n\t\t\t\t<\/div>\n\t\t\t\t<\/div>\n\t\t<div class=\"elementor-element elementor-element-980ebf4 e-con-full e-flex e-con e-child\" data-id=\"980ebf4\" data-element_type=\"container\">\n\t\t\t\t<div class=\"elementor-element elementor-element-c3d82ce elementor-widget elementor-widget-text-editor\" data-id=\"c3d82ce\" data-element_type=\"widget\" data-widget_type=\"text-editor.default\">\n\t\t\t\t<div class=\"elementor-widget-container\">\n\t\t\t\t\t\t\t\t\t<p><strong>Biologia<\/strong><\/p><p>mgr S\u0142awomira Barabaniec<br \/>dr Sylwia Kowalczuk-Badowska<br \/>mgr Aneta Kryczka<\/p>\t\t\t\t\t\t\t\t<\/div>\n\t\t\t\t<\/div>\n\t\t\t\t<\/div>\n\t\t\t\t<\/div>\n\t\t<div class=\"elementor-element elementor-element-ae5ae5b e-con-full e-flex e-con e-child\" data-id=\"ae5ae5b\" data-element_type=\"container\">\n\t\t<div class=\"elementor-element elementor-element-2492107 e-con-full e-flex e-con e-child\" data-id=\"2492107\" data-element_type=\"container\">\n\t\t\t\t<div class=\"elementor-element elementor-element-3a02276 elementor-widget elementor-widget-text-editor\" data-id=\"3a02276\" data-element_type=\"widget\" data-widget_type=\"text-editor.default\">\n\t\t\t\t<div class=\"elementor-widget-container\">\n\t\t\t\t\t\t\t\t\t<div class=\"wpb_text_column wpb_content_element \"><div class=\"wpb_wrapper\"><p><strong>J\u0119zyk rosyjski<\/strong><\/p><p>mgr Joanna Janowicz \u2013 Czernik<br \/>mgr Justyna Rejter<\/p><\/div><\/div>\t\t\t\t\t\t\t\t<\/div>\n\t\t\t\t<\/div>\n\t\t\t\t<\/div>\n\t\t<div class=\"elementor-element elementor-element-8588993 e-con-full e-flex e-con e-child\" data-id=\"8588993\" data-element_type=\"container\">\n\t\t\t\t<div class=\"elementor-element elementor-element-d23f28d elementor-widget elementor-widget-text-editor\" data-id=\"d23f28d\" data-element_type=\"widget\" data-widget_type=\"text-editor.default\">\n\t\t\t\t<div class=\"elementor-widget-container\">\n\t\t\t\t\t\t\t\t\t<p><strong>Informatyka<\/strong><\/p><p>mgr in\u017c. Tomasz Pyza<br \/>mgr in\u017c. \u0141ukasz Sar<br \/><br \/><\/p>\t\t\t\t\t\t\t\t<\/div>\n\t\t\t\t<\/div>\n\t\t\t\t<\/div>\n\t\t\t\t<\/div>\n\t\t<div class=\"elementor-element elementor-element-f60e817 e-con-full e-flex e-con e-child\" data-id=\"f60e817\" data-element_type=\"container\">\n\t\t<div class=\"elementor-element elementor-element-64f7da1 e-con-full e-flex e-con e-child\" data-id=\"64f7da1\" data-element_type=\"container\">\n\t\t\t\t<div class=\"elementor-element elementor-element-53a10b8 elementor-widget elementor-widget-text-editor\" data-id=\"53a10b8\" data-element_type=\"widget\" data-widget_type=\"text-editor.default\">\n\t\t\t\t<div class=\"elementor-widget-container\">\n\t\t\t\t\t\t\t\t\t<div class=\"wpb_text_column wpb_content_element \"><div class=\"wpb_wrapper\"><p><strong>J\u0119zyk \u0142aci\u0144ski<\/strong><\/p><p>mgr Agnieszka Rapcewicz<\/p><\/div><\/div>\t\t\t\t\t\t\t\t<\/div>\n\t\t\t\t<\/div>\n\t\t\t\t<\/div>\n\t\t<div class=\"elementor-element elementor-element-a3b4c32 e-con-full e-flex e-con e-child\" data-id=\"a3b4c32\" data-element_type=\"container\">\n\t\t\t\t<div class=\"elementor-element elementor-element-ed9cda3 elementor-widget elementor-widget-text-editor\" data-id=\"ed9cda3\" data-element_type=\"widget\" data-widget_type=\"text-editor.default\">\n\t\t\t\t<div class=\"elementor-widget-container\">\n\t\t\t\t\t\t\t\t\t<p><strong>Edukacja dla bezpiecze\u0144stwa<\/strong><\/p><p>mgr Edwin Kurek<\/p>\t\t\t\t\t\t\t\t<\/div>\n\t\t\t\t<\/div>\n\t\t\t\t<\/div>\n\t\t\t\t<\/div>\n\t\t<div class=\"elementor-element elementor-element-d1ce3f4 e-con-full e-flex e-con e-child\" data-id=\"d1ce3f4\" data-element_type=\"container\">\n\t\t<div class=\"elementor-element elementor-element-7854d46 e-con-full e-flex e-con e-child\" data-id=\"7854d46\" data-element_type=\"container\">\n\t\t\t\t<div class=\"elementor-element elementor-element-3862cb2 elementor-widget elementor-widget-text-editor\" data-id=\"3862cb2\" data-element_type=\"widget\" data-widget_type=\"text-editor.default\">\n\t\t\t\t<div class=\"elementor-widget-container\">\n\t\t\t\t\t\t\t\t\t<div class=\"wpb_text_column wpb_content_element \"><div class=\"wpb_wrapper\"><p><strong>Religia<\/strong><\/p><p>mgr Lilia Kr\u00f3lak<br \/>ks. Piotr Jaczewski<\/p><\/div><\/div>\t\t\t\t\t\t\t\t<\/div>\n\t\t\t\t<\/div>\n\t\t\t\t<\/div>\n\t\t<div class=\"elementor-element elementor-element-a76fc1c e-con-full e-flex e-con e-child\" data-id=\"a76fc1c\" data-element_type=\"container\">\n\t\t\t\t<div class=\"elementor-element elementor-element-44f1e7b elementor-widget elementor-widget-text-editor\" data-id=\"44f1e7b\" data-element_type=\"widget\" data-widget_type=\"text-editor.default\">\n\t\t\t\t<div class=\"elementor-widget-container\">\n\t\t\t\t\t\t\t\t\t<div class=\"wpb_text_column wpb_content_element \"><div class=\"wpb_wrapper\"><p><strong>Podstawy przedsi\u0119biorczo\u015bci<\/strong><br \/><strong>Biznes i zarz\u0105dzanie<\/strong><\/p><p>mgr Karina Je\u017cowska<\/p><\/div><\/div><div class=\"vc_separator wpb_content_element vc_sep_width_100 type_1 vc_separator_no_text\">\u00a0<\/div>\t\t\t\t\t\t\t\t<\/div>\n\t\t\t\t<\/div>\n\t\t\t\t<\/div>\n\t\t\t\t<\/div>\n\t\t<div class=\"elementor-element elementor-element-6fee937 e-con-full e-flex e-con e-child\" data-id=\"6fee937\" data-element_type=\"container\">\n\t\t<div class=\"elementor-element elementor-element-6353ed3 e-con-full e-flex e-con e-child\" data-id=\"6353ed3\" data-element_type=\"container\">\n\t\t\t\t<div class=\"elementor-element elementor-element-9358cac elementor-widget elementor-widget-text-editor\" data-id=\"9358cac\" data-element_type=\"widget\" data-widget_type=\"text-editor.default\">\n\t\t\t\t<div class=\"elementor-widget-container\">\n\t\t\t\t\t\t\t\t\t<div class=\"wpb_text_column wpb_content_element \"><div class=\"wpb_wrapper\"><p><strong>Wiedza o spo\u0142ecze\u0144stwie<\/strong><\/p><p align=\"center\">mgr Izabela K\u0142agisz<br \/>mgr Agnieszka Pa\u0144czak<br \/>mgr Dariusz Wasilewski<\/p><\/div><\/div>\t\t\t\t\t\t\t\t<\/div>\n\t\t\t\t<\/div>\n\t\t\t\t<\/div>\n\t\t<div class=\"elementor-element elementor-element-d84a0fb e-con-full e-flex e-con e-child\" data-id=\"d84a0fb\" data-element_type=\"container\">\n\t\t\t\t<div class=\"elementor-element elementor-element-5fff3dc elementor-widget elementor-widget-text-editor\" data-id=\"5fff3dc\" data-element_type=\"widget\" data-widget_type=\"text-editor.default\">\n\t\t\t\t<div class=\"elementor-widget-container\">\n\t\t\t\t\t\t\t\t\t<div class=\"wpb_text_column wpb_content_element \"><div class=\"wpb_wrapper\"><div class=\"wpb_text_column wpb_content_element \"><div class=\"wpb_wrapper\"><p><strong>Wychowanie fizyczne<\/strong><\/p><p>mgr Kamil Banowicz<br \/>mgr Katarzyna Grabi\u0144ska<br \/>mgr Agnieszka Grochala<br \/>mgr Karina Je\u017cowska<br \/>mgr Leszek Nowak<br \/>mgr Adrian Szewczyk<br \/>mgr Marek Szyma\u0144ski<\/p><\/div><\/div><div class=\"vc_separator wpb_content_element vc_sep_width_100 type_1 vc_separator_no_text\">\u00a0<\/div><\/div><\/div>\t\t\t\t\t\t\t\t<\/div>\n\t\t\t\t<\/div>\n\t\t\t\t<\/div>\n\t\t\t\t<\/div>\n\t\t\t\t<\/div>\n\t\t\t\t\t<\/div>\n\t\t\t\t<\/div>\n\t\t\t\t<\/div>\n\t\t","protected":false},"excerpt":{"rendered":"<p>Dyrekcja i nauczyciele Dyrekcja IV Liceum Og\u00f3lnokszta\u0142c\u0105cego w Piasecznie dyrektor Barbara Chwedczuk v-ce dyrektor Alicja Zaborska Pedagog szkolny mgr Ewa Macios Psycholog szkolny mgr Joanna Bugaj Pedagodzy specjalni mgr Anna Kopczy\u0144skamgr Monika Kobia\u0142ka Biblioteka szkolna mgr Jolanta Sikoramgr Izabela Turlejska J\u0119zyk polski dyrektor Barbara Chwedczukmgr Ewa W\u0105do\u0142owskamgr Lidia Duchmgr Katarzyna Staniekmgr Bo\u017cena Szczypi\u0144skamgr Gra\u017cyna Boguckamgr [&hellip;]<\/p>\n","protected":false},"author":1,"featured_media":0,"parent":0,"menu_order":0,"comment_status":"closed","ping_status":"closed","template":"elementor_header_footer","meta":{"_acf_changed":false,"inline_featured_image":false,"footnotes":""},"class_list":["post-344","page","type-page","status-publish","hentry"],"acf":[],"_links":{"self":[{"href":"https:\/\/lopiaseczno.waw.pl\/index.php\/wp-json\/wp\/v2\/pages\/344","targetHints":{"allow":["GET"]}}],"collection":[{"href":"https:\/\/lopiaseczno.waw.pl\/index.php\/wp-json\/wp\/v2\/pages"}],"about":[{"href":"https:\/\/lopiaseczno.waw.pl\/index.php\/wp-json\/wp\/v2\/types\/page"}],"author":[{"embeddable":true,"href":"https:\/\/lopiaseczno.waw.pl\/index.php\/wp-json\/wp\/v2\/users\/1"}],"replies":[{"embeddable":true,"href":"https:\/\/lopiaseczno.waw.pl\/index.php\/wp-json\/wp\/v2\/comments?post=344"}],"version-history":[{"count":34,"href":"https:\/\/lopiaseczno.waw.pl\/index.php\/wp-json\/wp\/v2\/pages\/344\/revisions"}],"predecessor-version":[{"id":3776,"href":"https:\/\/lopiaseczno.waw.pl\/index.php\/wp-json\/wp\/v2\/pages\/344\/revisions\/3776"}],"wp:attachment":[{"href":"https:\/\/lopiaseczno.waw.pl\/index.php\/wp-json\/wp\/v2\/media?parent=344"}],"curies":[{"name":"wp","href":"https:\/\/api.w.org\/{rel}","templated":true}]}}