{"id":1116,"date":"2024-10-30T10:04:15","date_gmt":"2024-10-30T10:04:15","guid":{"rendered":"https:\/\/lopiaseczno.waw.pl\/?page_id=1116"},"modified":"2024-10-30T10:33:24","modified_gmt":"2024-10-30T10:33:24","slug":"dziennik-elektroniczny","status":"publish","type":"page","link":"https:\/\/lopiaseczno.waw.pl\/index.php\/dziennik-elektroniczny\/","title":{"rendered":"Dziennik elektroniczny"},"content":{"rendered":"\t\t<div data-elementor-type=\"wp-page\" data-elementor-id=\"1116\" class=\"elementor elementor-1116\" data-elementor-post-type=\"page\">\n\t\t\t\t<div class=\"elementor-element elementor-element-501df70 e-flex e-con-boxed e-con e-parent\" data-id=\"501df70\" data-element_type=\"container\" data-settings=\"{&quot;background_background&quot;:&quot;classic&quot;}\">\n\t\t\t\t\t<div class=\"e-con-inner\">\n\t\t\t\t<div class=\"elementor-element elementor-element-e4ec392 elementor-widget elementor-widget-heading\" data-id=\"e4ec392\" data-element_type=\"widget\" data-widget_type=\"heading.default\">\n\t\t\t\t<div class=\"elementor-widget-container\">\n\t\t\t\t\t<h2 class=\"elementor-heading-title elementor-size-default\">Dziennik elektroniczny<\/h2>\t\t\t\t<\/div>\n\t\t\t\t<\/div>\n\t\t\t\t\t<\/div>\n\t\t\t\t<\/div>\n\t\t<div class=\"elementor-element elementor-element-5164822 e-flex e-con-boxed e-con e-parent\" data-id=\"5164822\" data-element_type=\"container\" data-settings=\"{&quot;background_background&quot;:&quot;classic&quot;}\">\n\t\t\t\t\t<div class=\"e-con-inner\">\n\t\t<div class=\"elementor-element elementor-element-6eb4aa8 e-con-full e-flex e-con e-child\" data-id=\"6eb4aa8\" data-element_type=\"container\">\n\t\t<div class=\"elementor-element elementor-element-6923614 e-con-full e-flex e-con e-child\" data-id=\"6923614\" data-element_type=\"container\">\n\t\t<div class=\"elementor-element elementor-element-0a47401 e-con-full e-flex e-con e-child\" data-id=\"0a47401\" data-element_type=\"container\">\n\t\t\t\t<div class=\"elementor-element elementor-element-4d79ed1 elementor-widget elementor-widget-text-editor\" data-id=\"4d79ed1\" data-element_type=\"widget\" data-widget_type=\"text-editor.default\">\n\t\t\t\t<div class=\"elementor-widget-container\">\n\t\t\t\t\t\t\t\t\t<div class=\"icon_box standart clearfix\"><div class=\"icon_alignment_center\"><div class=\"icon_text\"><p><strong>DZIENNIK ELEKTRONICZNY eduVULCAN<\/strong><\/p><p>Od 1 wrze\u015bnia firma Vulcan wprowadzi\u0142a zmian w dzienniku elektronicznym. Zmiany dotycz\u0105 rodzaju kont dla klas pierwszych oraz zmiany istniej\u0105cych kont klas starszych.<\/p><p>Poni\u017cej znajduj\u0105 si\u0119 dwie instrukcje jak poprawnie za\u0142o\u017cy\u0107 lub zmieni\u0107 dotychczasowe konto.<\/p><p>Odpowiednie kody dost\u0119pu dla klas pierwszych b\u0119d\u0105 generowane i rozdawane uczniom przez wychowawc\u00f3w klas.<\/p><p>Do dziennika logujemy si\u0119 za pomoc\u0105 linku: <a href=\"https:\/\/uonetplus.vulcan.net.pl\/powiatpiaseczynski\/000028\">https:\/\/uonetplus.vulcan.net.pl\/powiatpiaseczynski\/000028<\/a> lub klikaj\u0105c w poni\u017cszy link Logowanie do dziennika elektronicznego.<\/p><\/div><\/div><\/div>\t\t\t\t\t\t\t\t<\/div>\n\t\t\t\t<\/div>\n\t\t\t\t<div class=\"elementor-element elementor-element-8405c70 elementor-align-center elementor-widget elementor-widget-button\" data-id=\"8405c70\" data-element_type=\"widget\" data-widget_type=\"button.default\">\n\t\t\t\t<div class=\"elementor-widget-container\">\n\t\t\t\t\t\t\t\t\t<div class=\"elementor-button-wrapper\">\n\t\t\t\t\t<a class=\"elementor-button elementor-button-link elementor-size-sm\" href=\"https:\/\/uonetplus.vulcan.net.pl\/powiatpiaseczynski\/\" target=\"_blank\">\n\t\t\t\t\t\t<span class=\"elementor-button-content-wrapper\">\n\t\t\t\t\t\t\t\t\t<span class=\"elementor-button-text\">Dziennik elektroniczny<\/span>\n\t\t\t\t\t<\/span>\n\t\t\t\t\t<\/a>\n\t\t\t\t<\/div>\n\t\t\t\t\t\t\t\t<\/div>\n\t\t\t\t<\/div>\n\t\t\t\t<div class=\"elementor-element elementor-element-ed16fa8 elementor-align-center elementor-widget elementor-widget-button\" data-id=\"ed16fa8\" data-element_type=\"widget\" data-widget_type=\"button.default\">\n\t\t\t\t<div class=\"elementor-widget-container\">\n\t\t\t\t\t\t\t\t\t<div class=\"elementor-button-wrapper\">\n\t\t\t\t\t<a class=\"elementor-button elementor-button-link elementor-size-sm\" href=\"https:\/\/lopiaseczno.waw.pl\/wp-content\/uploads\/2024\/10\/klasy_pierwsze.pdf\" target=\"_blank\">\n\t\t\t\t\t\t<span class=\"elementor-button-content-wrapper\">\n\t\t\t\t\t\t\t\t\t<span class=\"elementor-button-text\"> Jak zalogowa\u0107 si\u0119 do systemu eduVULCAN? \u2013 instrukcja dla ucznia i rodzica klas pierwszych<\/span>\n\t\t\t\t\t<\/span>\n\t\t\t\t\t<\/a>\n\t\t\t\t<\/div>\n\t\t\t\t\t\t\t\t<\/div>\n\t\t\t\t<\/div>\n\t\t\t\t<div class=\"elementor-element elementor-element-132188a elementor-align-center elementor-widget elementor-widget-button\" data-id=\"132188a\" data-element_type=\"widget\" data-widget_type=\"button.default\">\n\t\t\t\t<div class=\"elementor-widget-container\">\n\t\t\t\t\t\t\t\t\t<div class=\"elementor-button-wrapper\">\n\t\t\t\t\t<a class=\"elementor-button elementor-button-link elementor-size-sm\" href=\"https:\/\/lopiaseczno.waw.pl\/wp-content\/uploads\/2024\/10\/klasy_starsze.pdf\" target=\"_blank\">\n\t\t\t\t\t\t<span class=\"elementor-button-content-wrapper\">\n\t\t\t\t\t\t\t\t\t<span class=\"elementor-button-text\"> Jak zalogowa\u0107 si\u0119 do systemu eduVULCAN ? \u2013 instrukcja dla Ucznia i Rodzica posiadaj\u0105cego konto w Dzienniku VULCAN<\/span>\n\t\t\t\t\t<\/span>\n\t\t\t\t\t<\/a>\n\t\t\t\t<\/div>\n\t\t\t\t\t\t\t\t<\/div>\n\t\t\t\t<\/div>\n\t\t\t\t<\/div>\n\t\t\t\t<\/div>\n\t\t\t\t<\/div>\n\t\t\t\t\t<\/div>\n\t\t\t\t<\/div>\n\t\t<div class=\"elementor-element elementor-element-f88ef32 e-flex e-con-boxed e-con e-parent\" data-id=\"f88ef32\" data-element_type=\"container\">\n\t\t\t\t\t<div class=\"e-con-inner\">\n\t\t\t\t\t<\/div>\n\t\t\t\t<\/div>\n\t\t\t\t<\/div>\n\t\t","protected":false},"excerpt":{"rendered":"<p>Dziennik elektroniczny DZIENNIK ELEKTRONICZNY eduVULCAN Od 1 wrze\u015bnia firma Vulcan wprowadzi\u0142a zmian w dzienniku elektronicznym. Zmiany dotycz\u0105 rodzaju kont dla klas pierwszych oraz zmiany istniej\u0105cych kont klas starszych. Poni\u017cej znajduj\u0105 si\u0119 dwie instrukcje jak poprawnie za\u0142o\u017cy\u0107 lub zmieni\u0107 dotychczasowe konto. Odpowiednie kody dost\u0119pu dla klas pierwszych b\u0119d\u0105 generowane i rozdawane uczniom przez wychowawc\u00f3w klas. Do [&hellip;]<\/p>\n","protected":false},"author":1,"featured_media":0,"parent":0,"menu_order":0,"comment_status":"closed","ping_status":"closed","template":"elementor_header_footer","meta":{"_acf_changed":false,"inline_featured_image":false,"footnotes":""},"class_list":["post-1116","page","type-page","status-publish","hentry"],"acf":[],"_links":{"self":[{"href":"https:\/\/lopiaseczno.waw.pl\/index.php\/wp-json\/wp\/v2\/pages\/1116","targetHints":{"allow":["GET"]}}],"collection":[{"href":"https:\/\/lopiaseczno.waw.pl\/index.php\/wp-json\/wp\/v2\/pages"}],"about":[{"href":"https:\/\/lopiaseczno.waw.pl\/index.php\/wp-json\/wp\/v2\/types\/page"}],"author":[{"embeddable":true,"href":"https:\/\/lopiaseczno.waw.pl\/index.php\/wp-json\/wp\/v2\/users\/1"}],"replies":[{"embeddable":true,"href":"https:\/\/lopiaseczno.waw.pl\/index.php\/wp-json\/wp\/v2\/comments?post=1116"}],"version-history":[{"count":25,"href":"https:\/\/lopiaseczno.waw.pl\/index.php\/wp-json\/wp\/v2\/pages\/1116\/revisions"}],"predecessor-version":[{"id":1229,"href":"https:\/\/lopiaseczno.waw.pl\/index.php\/wp-json\/wp\/v2\/pages\/1116\/revisions\/1229"}],"wp:attachment":[{"href":"https:\/\/lopiaseczno.waw.pl\/index.php\/wp-json\/wp\/v2\/media?parent=1116"}],"curies":[{"name":"wp","href":"https:\/\/api.w.org\/{rel}","templated":true}]}}