{"id":1057,"date":"2024-10-30T09:51:35","date_gmt":"2024-10-30T09:51:35","guid":{"rendered":"https:\/\/lopiaseczno.waw.pl\/?page_id=1057"},"modified":"2025-09-11T13:40:39","modified_gmt":"2025-09-11T11:40:39","slug":"studniowka","status":"publish","type":"page","link":"https:\/\/lopiaseczno.waw.pl\/index.php\/studniowka\/","title":{"rendered":"Studni\u00f3wka"},"content":{"rendered":"\t\t<div data-elementor-type=\"wp-page\" data-elementor-id=\"1057\" class=\"elementor elementor-1057\" data-elementor-post-type=\"page\">\n\t\t\t\t<div class=\"elementor-element elementor-element-501df70 e-flex e-con-boxed e-con e-parent\" data-id=\"501df70\" data-element_type=\"container\" data-settings=\"{&quot;background_background&quot;:&quot;classic&quot;}\">\n\t\t\t\t\t<div class=\"e-con-inner\">\n\t\t\t\t<div class=\"elementor-element elementor-element-e4ec392 elementor-widget elementor-widget-heading\" data-id=\"e4ec392\" data-element_type=\"widget\" data-widget_type=\"heading.default\">\n\t\t\t\t<div class=\"elementor-widget-container\">\n\t\t\t\t\t<h2 class=\"elementor-heading-title elementor-size-default\">Studni\u00f3wka<\/h2>\t\t\t\t<\/div>\n\t\t\t\t<\/div>\n\t\t\t\t\t<\/div>\n\t\t\t\t<\/div>\n\t\t<div class=\"elementor-element elementor-element-5164822 e-flex e-con-boxed e-con e-parent\" data-id=\"5164822\" data-element_type=\"container\" data-settings=\"{&quot;background_background&quot;:&quot;classic&quot;}\">\n\t\t\t\t\t<div class=\"e-con-inner\">\n\t\t<div class=\"elementor-element elementor-element-6eb4aa8 e-con-full e-flex e-con e-child\" data-id=\"6eb4aa8\" data-element_type=\"container\">\n\t\t<div class=\"elementor-element elementor-element-6923614 e-con-full e-flex e-con e-child\" data-id=\"6923614\" data-element_type=\"container\">\n\t\t<div class=\"elementor-element elementor-element-0a47401 e-con-full e-flex e-con e-child\" data-id=\"0a47401\" data-element_type=\"container\">\n\t\t\t\t<div class=\"elementor-element elementor-element-4d79ed1 elementor-widget elementor-widget-text-editor\" data-id=\"4d79ed1\" data-element_type=\"widget\" data-widget_type=\"text-editor.default\">\n\t\t\t\t<div class=\"elementor-widget-container\">\n\t\t\t\t\t\t\t\t\t<p><strong>Studni\u00f3wka 2026r.<\/strong><\/p><p>Studni\u00f3wka odb\u0119dzie si\u0119 17. 01. 2026r. (sobota) w Hotelu Venecia Palace<\/p><p>Przewidywany koszt Studni\u00f3wki 2026 to 600 z\u0142 i bardzo prosimy skarbnik\u00f3w klasowych o zebranie do ko\u0144ca pa\u017adziernika po 300 z\u0142., a do ko\u0144ca listopada po 200 z\u0142 (osoby, kt\u00f3re nie zap\u0142aci\u0142y zaliczki 100 z\u0142, a planuj\u0105 udzia\u0142 w imprezie , s\u0105 proszone o dop\u0142at\u0119 100 z\u0142 do ko\u0144ca listopada).<\/p><p>Do 15. 12. 2025r. wp\u0142ata za osob\u0119 towarzysz\u0105c\u0105 380,00 (osoby spoza szko\u0142y lub uczniowie m\u0142odszych klas ucz\u0119szczaj\u0105cy do IV LO)<\/p><p>Komitet Studni\u00f3wkowy &#8211; Studni\u00f3wka 2026<\/p>\t\t\t\t\t\t\t\t<\/div>\n\t\t\t\t<\/div>\n\t\t\t\t<\/div>\n\t\t\t\t<\/div>\n\t\t\t\t<\/div>\n\t\t\t\t\t<\/div>\n\t\t\t\t<\/div>\n\t\t\t\t<\/div>\n\t\t","protected":false},"excerpt":{"rendered":"<p>Studni\u00f3wka Studni\u00f3wka 2026r. Studni\u00f3wka odb\u0119dzie si\u0119 17. 01. 2026r. (sobota) w Hotelu Venecia Palace Przewidywany koszt Studni\u00f3wki 2026 to 600 z\u0142 i bardzo prosimy skarbnik\u00f3w klasowych o zebranie do ko\u0144ca pa\u017adziernika po 300 z\u0142., a do ko\u0144ca listopada po 200 z\u0142 (osoby, kt\u00f3re nie zap\u0142aci\u0142y zaliczki 100 z\u0142, a planuj\u0105 udzia\u0142 w imprezie , s\u0105 [&hellip;]<\/p>\n","protected":false},"author":1,"featured_media":0,"parent":0,"menu_order":0,"comment_status":"closed","ping_status":"closed","template":"elementor_header_footer","meta":{"_acf_changed":false,"inline_featured_image":false,"footnotes":""},"class_list":["post-1057","page","type-page","status-publish","hentry"],"acf":[],"_links":{"self":[{"href":"https:\/\/lopiaseczno.waw.pl\/index.php\/wp-json\/wp\/v2\/pages\/1057","targetHints":{"allow":["GET"]}}],"collection":[{"href":"https:\/\/lopiaseczno.waw.pl\/index.php\/wp-json\/wp\/v2\/pages"}],"about":[{"href":"https:\/\/lopiaseczno.waw.pl\/index.php\/wp-json\/wp\/v2\/types\/page"}],"author":[{"embeddable":true,"href":"https:\/\/lopiaseczno.waw.pl\/index.php\/wp-json\/wp\/v2\/users\/1"}],"replies":[{"embeddable":true,"href":"https:\/\/lopiaseczno.waw.pl\/index.php\/wp-json\/wp\/v2\/comments?post=1057"}],"version-history":[{"count":25,"href":"https:\/\/lopiaseczno.waw.pl\/index.php\/wp-json\/wp\/v2\/pages\/1057\/revisions"}],"predecessor-version":[{"id":3784,"href":"https:\/\/lopiaseczno.waw.pl\/index.php\/wp-json\/wp\/v2\/pages\/1057\/revisions\/3784"}],"wp:attachment":[{"href":"https:\/\/lopiaseczno.waw.pl\/index.php\/wp-json\/wp\/v2\/media?parent=1057"}],"curies":[{"name":"wp","href":"https:\/\/api.w.org\/{rel}","templated":true}]}}